ded by 644410?
2
What is the remainder when 3010822 is divided by 49357?
45
What is the remainder when 1128137 is divided by 12397?
10
Calculate the remainder when 72664 is divided by 71924.
740
Calculate the remainder when 764779 is divided by 1.
0
What is the remainder when 76049747 is divided by 164?
159
What is the remainder when 144164603 is divided by 845?
843
Calculate the remainder when 2346101 is divided by 2346100.
1
What is the remainder when 45133630 is divided by 5123?
0
Calculate the remainder when 33881370 is divided by 24.
18
Calculate the remainder when 48694 is divided by 7896.
1318
Calculate the remainder when 339923 is divided by 16977.
383
What is the remainder when 1955270 is divided by 1322?
32
Calculate the remainder when 20795524 is divided by 13938.
28
Calculate the remainder when 7324100 is divided by 57.
56
Calculate the remainder when 16468761 is divided by 16635.
111
Calculate the remainder when 120662556 is divided by 724.
716
What is the remainder when 38018113 is divided by 5418?
7
Calculate the remainder when 846645 is divided by 413.
408
Calculate the remainder when 1125616 is divided by 59238.
94
What is the remainder when 11405940 is divided by 79?
78
What is the remainder when 665275 is divided by 665223?
52
What is the remainder when 189885 is divided by 63224?
213
Calculate the remainder when 28342476 is divided by 8.
4
Calculate the remainder when 237793620 is divided by 2054.
2040
Calculate the remainder when 60608 is divided by 14715.
1748
What is the remainder when 625560 is divided by 312749?
62
Calculate the remainder when 86212940 is divided by 5331.
8
What is the remainder when 43752531 is divided by 2852?
2851
What is the remainder when 33712118 is divided by 6742421?
13
What is the remainder when 111155 is divided by 287?
86
What is the remainder when 572288 is divided by 156?
80
Calculate the remainder when 267042 is divided by 5443.
335
Calculate the remainder when 4216547 is divided by 1525.
1447
Calculate the remainder when 1188214 is divided by 1187783.
431
Calculate the remainder when 3542419 is divided by 139.
4
What is the remainder when 6842 is divided by 1136?
26
What is the remainder when 464206 is divided by 92400?
2206
Calculate the remainder when 201732 is divided by 98957.
3818
Calculate the remainder when 31360 is divided by 2853.
2830
What is the remainder when 1450523 is divided by 362627?
15
Calculate the remainder when 19482968 is divided by 11051.
55
What is the remainder when 121049 is divided by 12720?
6569
Calculate the remainder when 1490289 is divided by 9314.
49
Calculate the remainder when 6997001 is divided by 1968.
761
Calculate the remainder when 108999 is divided by 36302.
93
Calculate the remainder when 120055 is divided by 3078.
13
What is the remainder when 11691868 is divided by 354296?
100
What is the remainder when 5725262 is divided by 6484?
6374
What is the remainder when 1645169 is divided by 2?
1
Calculate the remainder when 521091 is divided by 173696.
3
Calculate the remainder when 627841 is divided by 703.
62
Calculate the remainder when 206090022 is divided by 14.
12
Calculate the remainder when 48324463 is divided by 159.
70
Calculate the remainder when 53135869 is divided by 13283962.
21
What is the remainder when 116248 is divided by 6945?
5128
What is the remainder when 13836 is divided by 144?
12
Calculate the remainder when 1494267 is divided by 1796.
1791
What is the remainder when 1258363 is divided by 35953?
8
What is the remainder when 1168038 is divided by 219?
111
Calculate the remainder when 4224032 is divided by 4105.
4092
What is the remainder when 47409 is divided by 7878?
141
What is the remainder when 5575999 is divided by 40?
39
Calculate the remainder when 227691 is divided by 4946.
175
What is the remainder when 411753 is divided by 58453?
2582
What is the remainder when 258595 is divided by 86103?
286
Calculate the remainder when 3979621 is divided by 1326534.
19
Calculate the remainder when 17074921 is divided by 17074879.
42
Calculate the remainder when 65014943 is divided by 277.
273
Calculate the remainder when 97878239 is divided by 216.
215
What is the remainder when 1159718 is divided by 911?
15
Calculate the remainder when 902972867 is divided by 115.
112
Calculate the remainder when 136801 is divided by 275.
126
What is the remainder when 1483039 is divided by 80?
79
Calculate the remainder when 423286770 is divided by 5007.
5004
What is the remainder when 338747 is divided by 746?
63
What is the remainder when 27053 is divided by 706?
225
Calculate the remainder when 243160 is divided by 20259.
52
Calculate the remainder when 142083883 is divided by 244.
243
Calculate the remainder when 5878936 is divided by 897.
895
What is the remainder when 863503 is divided by 276?
175
What is the remainder when 1329823 is divided by 10898?
267
Calculate the remainder when 18003003 is divided by 321482.
11
Calculate the remainder when 15614 is divided by 673.
135
Calculate the remainder when 26136 is divided by 5525.
4036
Calculate the remainder when 545317 is divided by 350.
17
Calculate the remainder when 52607804 is divided by 14988.
14912
What is the remainder when 6451214 is divided by 1290240?
14
What is the remainder when 140523 is divided by 34923?
831
Calculate the remainder when 2770706 is divided by 6414.
6272
Calculate the remainder when 56921034 is divided by 5.
4
What is the remainder when 910457 is divided by 1080?
17
Calculate the remainder when 6233349 is divided by 1517.
1513
Calculate the remainder when 1670846 is divided by 4730.
1156
What is the remainder when 162366161 is divided by 194?
189
Calculate the remainder when 5072802 is divided by 121.
119
Calculate the remainder when 125033 is divided by 24946.
303
Calculate the remainder when 1853420 is divided by 68.
12
What is the remainder when 708542 is divided by 89?
13
What is the remainder when 1661945 is divided by 1744?
1657
Calculate the remainder when 27869084 is divided by 774140.
44
Calculate the remainder when 65266739 is divided by 656.
643
Calculate the remainder when 13174 is divided by 1483.
1310
Calculate the remainder when 2222442 is divided by 1671.
12
Calculate the remainder when 7809966 is divided by 36.
18
What is the remainder when 2085190 is divided by 171?
16
Calculate the remainder when 90375 is divided by 15040.
135
What is the remainder when 17494566 is divided by 31?
26
What is the remainder when 3876971 is divided by 92?
91
Calculate the remainder when 693035 is divided by 7875.
35
What is the remainder when 6981309 is divided by 96?
93
Calculate the remainder when 706298 is divided by 13843.
305
What is the remainder when 8642318 is divided by 117?
113
Calculate the remainder when 36723577 is divided by 35.
2
Calculate the remainder when 680226 is divided by 1204.
1170
Calculate the remainder when 427715 is divided by 38879.
46
What is the remainder when 11479015 is divided by 569?
9
Calculate the remainder when 155293 is divided by 1177.
1106
What is the remainder when 2474159 is divided by 190319?
12
What is the remainder when 5558216 is divided by 577?
552
What is the remainder when 88084 is divided by 85556?
2528
Calculate the remainder when 659361 is divided by 1885.
1496
What is the remainder when 4815877 is divided by 85?
32
Calculate the remainder when 329453 is divided by 1873.
1678
What is the remainder when 581935 is divided by 116383?
20
Calculate the remainder when 88981 is divided by 216.
205
What is the remainder when 625724784 is divided by 11793?
11790
Calculate the remainder when 392734 is divided by 562.
458
Calculate the remainder when 96140969 is divided by 39.
2
What is the remainder when 988192 is divided by 162?
154
Calculate the remainder when 7192676 is divided by 479.
12
What is the remainder when 69469 is divided by 884?
517
What is the remainder when 9690138 is divided by 8?
2
Calculate the remainder when 41739 is divided by 177.
144
What is the remainder when 6929112 is divided by 1732277?
4
Calculate the remainder when 36639 is divided by 8638.
2087
Calculate the remainder when 21662130 is divided by 46.
40
What is the remainder when 2833790 is divided by 63?
50
Calculate the remainder when 4691